f s?
0
Let g(h) = -17 + 2*h**2 - 5*h**2 + 0*h**2 - 2*h + 4*h**2. Let j be g(-3). What is the units digit of (1/j)/(10/(-1480))?
4
Let f(k) = -5*k**2 + 201*k + 78. Let j(c) = -2*c**2 + 67*c + 26. Let n(v) = -4*f(v) + 11*j(v). What is the tens digit of n(-31)?
2
Let p be (-154 - 0)*2*(-54)/21. Suppose -5*r + 1570 = 26*v - 22*v, p = 2*v - r. What is the hundreds digit of v?
3
Suppose 4*d - 8 = -0*d. Suppose 2*g + 13 = 3*v, 4*g + 3 + 3 = d*v. Suppose r + 4*a = 35, 0 = 2*r - 0*a - v*a - 83. What is the tens digit of r?
3
Suppose -3*a = -7*a + 8, -3*d = -a - 13. Let w(b) = 5*b**2 - 2*b + 43. What is the hundreds digit of w(d)?
1
Suppose 68100 = 2*s - 5*y, -5*y - 136180 = 33*s - 37*s. What is the units digit of s?
0
Let n = 175 - -352. Suppose -o + 35 = 4*o. Suppose -4*g = -n + o. What is the units digit of g?
0
Let j = -768 + 443. Let b be (-6)/9 - j/(-3). What is the tens digit of 4/(-12) - b/3?
3
Suppose -p + 22 - 19 = 0. Suppose 10 = -p*r - 8. What is the tens digit of 91 - (5 + -6 - r)?
8
Let j = -8318 + 7860. Let s be (-28)/(50/(-48) + 1). Let a = s + j. What is the hundreds digit of a?
2
Suppose -14*h = -35*h - 9261. Let w = -127 - h. What is the hundreds digit of w?
3
Let q(t) be the third derivative of -1/60*t**5 + 0 + 5*t**2 + 47/3*t**3 - 1/6*t**4 + 0*t. What is the tens digit of q(0)?
9
Suppose 1617230 = 78*m + 255*m - 6553258. What is the ten thousands digit of m?
2
Let j be (38/3)/(28/(-42)). Let v = j - -31. Suppose 0 = 4*y + v - 4, 2*z - y - 188 = 0. What is the tens digit of z?
9
Suppose -105*p + 85*p = -129820. What is the thousands digit of p?
6
What is the thousands digit of (3879 - -12) + (-77)/7?
3
Suppose r - d - 13499 = 0, 40*d = -5*r + 43*d + 67491. What is the ten thousands digit of r?
1
Suppose 9*v = 10520 + 41230. What is the units digit of v?
0
Suppose 2576 = b + 3*h, 25*h - 24*h = 3. What is the units digit of b?
7
Let x be 47/141 - (70/3)/1. Let q = -35 - x. What is the tens digit of 4/q + (-530)/(-6)?
8
Suppose 6*r + 33*r - 151932 = 6*r. What is the tens digit of r?
0
Suppose 4*b = -0*b + 28. Let m(o) = o**2 - 6*o - 23. Let f be m(b). What is the tens digit of 9/(-12) + (0 - 1196/f)?
7
Suppose -38*b + 817803 + 1032547 = 166608. What is the units digit of b?
9
Suppose -2*s = 2*x - 40, 3*x + 36 = 3*s - 0. Suppose -5*a - 29 = 5*n + s, 32 = -3*n - 4*a. What is the units digit of ((-575)/(-5))/(-5)*n?
2
Suppose 0 = 4*d + 4, 3*d - 61 - 152 = -4*k. What is the units digit of (-12)/k - (-20708)/36?
5
Suppose -1476 = 9*b - 5*b. Let d = 114 - b. What is the hundreds digit of d?
4
Let f be 65/(-2)*(-2 - 4). What is the units digit of (-28504)/(-52) - 6/f*5?
8
Let z(q) = -4*q - 13. Let i be z(-5). Suppose -i*a = a - 704. What is the units digit of a/(-33)*(-2)/((-16)/(-186))?
2
Suppose 5*w + 7 = 3*q - 34, 4*q - 15 = w. Let x(u) = u**3 + 15*u**2 + 7*u + 12. What is the units digit of x(w)?
5
Let w(r) = 5*r**2 + 10*r + 29. Let h(u) = 4*u**2 + 10*u + 29. Let s(i) = -7*h(i) + 6*w(i). What is the hundreds digit of s(19)?
5
Let b be -1 + 10 - (-8 + (-4 - -11)). Suppose 0 = -31*m + b*m + 42. What is the units digit of m?
2
Let l = 1125 - 1120. Suppose 2*p + 346 - 1252 = 0. Suppose 0 = -l*u + p + 312. What is the tens digit of u?
5
Let b = 88 + 26. What is the tens digit of b/15*3290/28?
9
Let t(q) = 51*q**2 + 35*q + 50. What is the thousands digit of t(-13)?
8
Let r be -4 + (-1332)/(0 + -3). Suppose -3*g = -4*g + 5, r = -4*o - 4*g. Let c = -62 - o. What is the tens digit of c?
5
Let v = -15025 - -32065. What is the units digit of v?
0
Let x be (-6)/(-8)*-2*-2. Suppose 2*z - 5*z - 24 = x*i, 0 = -4*z + 4*i + 8. What is the units digit of z/(2 - 3) + 34?
7
Let l = 276 - 244. Suppose 21*c - l*c = -1265. What is the units digit of c?
5
Suppose 4 = -2*s + 18. Let h be (4 + 1/2)*(2 - 0). Suppose h*o = s*o + 14. What is the units digit of o?
7
Suppose 5*i + 31 = -2*u + 115, 5*i = 3*u + 74. What is the thousands digit of i/(((-30)/(-321))/10)?
1
Let n = 35 + -39. Let f be (n - 39/(-9)) + (-880)/(-6). Let v = 246 - f. What is the units digit of v?
9
Let x(v) = 53*v**2 - 10*v - 23. Let p be x(-4). What is the tens digit of p + 8 + -7 + 3?
6
Suppose -6 = z + 1. Suppose 3*i - 7697 = 8*i - 4*f, -3*f - 1509 = i. What is the hundreds digit of z/(49/i) - (5 - 1)?
2
Let g = 79175 + -56233. What is the ten thousands digit of g?
2
Suppose 27*m = 14*m + 1222. Let t = m + 81. What is the units digit of t?
5
Suppose -3*u - 1241 - 1510 = 0. Let d = 2421 - 2416. What is the hundreds digit of 3/d + 3/((-15)/u)?
1
Suppose -61*f - 6889260 = 180*f - 346*f. What is the ten thousands digit of f?
6
Suppose o = -3*m + 73, 2*m = o + 43 + 14. Suppose 0 = -2*d - 3*l + 422, -d - 27*l = -m*l - 213. What is the hundreds digit of d?
2
Suppose 18*a - 35450 = -32*a. What is the units digit of a?
9
Let v(y) = -y**3 - 14*y**2 - 9*y - 21. Let u(s) = 11*s + 84. Let p be u(-9). What is the tens digit of v(p)?
3
Suppose -3*q + 288 = 6*q. Let l be (-18)/(-16) + (-4)/q. Suppose -2*y = v - 135, l = 3*y + 10. What is the tens digit of v?
4
Let r(z) = 7*z**3 - 7*z**2 + 10*z - 4. Suppose -4*y + 19 + 10 = j, -2*j = 2*y - 22. What is the units digit of r(y)?
6
Let f = 14641 + -8729. What is the hundreds digit of f?
9
Let m(z) = -257*z + 564. What is the tens digit of m(-10)?
3
Let m = 362 + -378. What is the hundreds digit of ((-6)/m + (-44)/32)*-163?
1
Suppose 37*b - 193024 = 285355 - 66680. What is the units digit of b?
7
Let m(f) be the second derivative of f**4/3 - f**3/6 + 5*f**2/2 - 374*f. Let d(k) = -k**3 + 4*k**2 + 6*k - 2. Let q be d(5). What is the tens digit of m(q)?
3
Let m(c) = c**3 - 7*c**2 - 2*c + 5. Let v be m(7). Let d = 4 - v. Let w = -9 + d. What is the units digit of w?
4
Suppose -746*b = q - 745*b - 23951, -3 = -3*b. What is the hundreds digit of q?
9
Let k(l) = 3*l**2 - 2*l + 513. Let j be k(0). Let h = 1013 - j. What is the tens digit of h?
0
Suppose 2*t = 3*n + 103, -11*t + 6*t + 128 = -4*n. Let l = n + 482. What is the hundreds digit of l?
4
Let y(j) = -5*j**2 + 3*j + 14*j - 2*j**2 + 8*j**2 - 49. What is the hundreds digit of y(7)?
1
Suppose 4317*o + 8582 = 4319*o - 6822. What is the hundreds digit of o?
7
Let l = 167 - 152. Suppose 2*w - 2320 = -3*u, 0*w - w + 1182 = -4*u. Suppose l*p - 4*p - w = 0. What is the units digit of p?
6
Suppose 2*w = -w + 45. Let y be w/(-4)*(-26 + 2). Let q = y + 18. What is the hundreds digit of q?
1
Let d = 211376 + -139124. What is the thousands digit of d?
2
Let c = 7699 - 4572. What is the units digit of c?
7
Suppose 627*j = 12729751 + 9448493. What is the tens digit of j?
7
Let d be (4 + -2 + -4)*-2. Let n(u) = u**2 - 5*u - 84. Let w be n(-12). Suppose -d*y - w = -9*y. What is the units digit of y?
4
Let d = -129640 + 189656. What is the hundreds digit of d?
0
What is the tens digit of (7/(-3) - 1)*(-391419)/855?
2
Let p(s) = 2*s**2 - s - 27. Let g be p(0). Let o(y) = 3*y**2 + 77*y - 81. What is the tens digit of o(g)?
2
Suppose 30513 = 5*w + b, -5*w + 3*w = -2*b - 12198. What is the units digit of w?
2
Let h(d) be the first derivative of -d**4/4 + 14*d**3/3 - 2*d**2 - 24*d - 96. What is the units digit of h(11)?
5
Let c = -221 - -233. What is the tens digit of 9327/c - (-6)/8?
7
Let x(j) = j**2 + 33*j + 5. Let k be x(-33). Suppose -2449 = -3*b - 5*d, k*b + d = 3865 + 246. What is the tens digit of b?
2
Let m(t) = 35*t**3 - 3*t**2 + 44*t + 44. What is the thousands digit of m(6)?
7
Let v = -580 - -49. Let c = v - -974. What is the units digit of c?
3
What is the tens digit of (3/((-18)/17926))/((-952)/105 + 9)?
1
Suppose -5005 + 679 = -6*p. Suppose 2211 = 4*n - p. What is the hundreds digit of n?
7
Let o(t) = -9 + 20 + 7*t - 3 - 21*t**2 - 7. Let i(x) = x**2 - x. Let g(q) = -5*i(q) - o(q). What is the tens digit of g(3)?
3
Let b(d) = d**3 + 1. Let w(s) = 2*s**3 + 8*s**2 + 21*s + 16. Let k(m) = -3*b(m) + w(m). What is the units digit of k(10)?
3
Suppose -512 = -15*i + 7*i. What is the units digit of (93*(1 - 3))/(i/(-320))?
0
Suppose 2*n - 1439 - 1527 = 0. Suppose -2*q = 3*t - n, -5*q = -10*q - 4*t + 3725. What is the units digit of q?
9
What is the units digit of (416/(-96) + 5)/((-2)/(-16143))?
1
Let h(g) = -2*g**3 - 10*g**2 - 16*g + 9. Let b be h(-7). Let m = 460 - b. What is the hundreds digit of m?
1
Suppose -203157 = -65*d +